s (-32 + -19 - (-3 + 0 + 1)) + (-523 - -529)?
-43
What is 2 - 15 - (-52 - (2 + -4 - 9))?
28
Evaluate (-7 - -21 - 6) + (21 - (97 + -26)).
-42
Evaluate -11015 - -11043 - (2 + (0 - 2) + 7).
21
12 + -1 + (-1549 - -1542)
4
What is the value of (64 + -20 - 36) + -2 + 3 + 26?
35
What is the value of -4 - ((0 - -19) + -7 - -2 - 3)?
-15
Calculate 93 + (-1 + (0 - 7) - (95 + -62 - 47)).
99
What is (0 - 5) + (-729 - -797) + 18?
81
What is (-89 - 1) + (801 - 689)?
22
Calculate 158 - -2 - (-163 + -230 + 417).
136
What is -21 + 15 + (12 + -35 - -13) + 83?
67
What is the value of -58 - ((0 + (0 - -5) - 6) + -143 + 137)?
-51
What is the value of 7 + (43 - 34) + -64?
-48
Calculate -1 + -2 + 7 - (21 + (-48 - -20)).
11
What is (41 - 33) + -1 - (4 + 3 - -1) - -11?
10
Evaluate 23 + 9 + 26 + 8.
66
Evaluate -628 + 633 + (-20 + 2 - 1) + (-7 - -128).
107
38 + (-3 - (18 + 13))
4
Calculate (1 - 123) + (-62 - 234) + 335.
-83
Evaluate -12 + 20 + -9 + 23 - (-132 - -37).
117
What is (1 - -91) + (-14 + 1 - -3) + -19 + 18?
81
What is -5 + (-3 - (-16 - (-2 - 0)) - 16)?
-10
Evaluate -139 + 99 - -103 - (-7 - 0 - (2 - 0)).
72
40 + (-20 + 47 - 58) + (0 - 24)
-15
What is 7 + (21 + 12 + -16 - 34)?
-10
Calculate -2 + -4 + (9 + 8 - 2).
9
-630 + 643 + -1 + (29 - 0)
41
What is (-56 - -146) + -33 + -15?
42
What is 48 + -152 + 65 + -10?
-49
What is 48 + 0 + -46 + (6 - 53)?
-45
14 - (-9 + (-8 - -29)) - -93
95
What is the value of -6 + (-17 + 24 - (-2 + -1)) + -7 - 16?
-19
What is (-10 - 1) + -103 + 88?
-26
Evaluate -82 - (5 + 23 + -21 - 23).
-66
What is the value of (-22 - 1) + 2045 + -2018?
4
What is the value of -58 + 113 + (7 - 32)?
30
-6 + 31 + 8 - (9 + -1 + -6)
31
Evaluate (-4 - 36 - (-516 + 471)) + 15 + -2 + 0.
18
Evaluate (-20 - -3) + (-50 - -59).
-8
Evaluate -48 + (13 - (-4 - 0)) - 3.
-34
(11 + 0 - -1) + -109 + -44 + (27 - -16)
-98
Evaluate -260 + -42 + 188 + -20.
-134
What is -82 + 26 + 50 - -123 - (-5 + -1)?
123
Evaluate (16 + 15 - (5 + 13)) + -38.
-25
Evaluate (-1 - -1) + 5 + -2 + 15 + (-27 - -21).
12
Calculate (120 - 217 - 42) + 271.
132
Calculate 20 + -21 + 7 + -4 + -2 + -3 + -7.
-10
Calculate (212 - 175) + (-4 - (1 + -5)) + 1.
38
Calculate (-476 + 206 - -228) + (0 - (0 - -1)).
-43
What is 1 - 4 - -37 - (9 + -5 + 6)?
24
What is the value of 10 - (36 + -31 + -4 + -5 + (2 - 63))?
75
86 + -76 - (3 + -4 + -7 + -11)
29
What is -4 - (0 + -10) - 75 - -28?
-41
141 + -89 - (-3 - -8)
47
Evaluate -11 + (-9 - -41) + -19 + (0 - -61).
63
(16 - -15 - 2) + 26 + -46
9
What is the value of -2 + -10 + 0 - (15 - (7 - -62 - -32))?
74
What is (3 - 10) + -30 + -3 + -12 + 16?
-36
What is 11 - -30 - 29 - (-37 + 30)?
19
Evaluate (3 - 5) + 9 - (-47 + 38) - 53.
-37
-8 - (-91 - (-6 - (5 - 10) - -21))
103
What is -1 + 26 + (74 - (136 - 64))?
27
What is -111 + -31 + 14 + 142?
14
What is 121 + -90 + (-16 - -1)?
16
What is -22 + -10 + 136 + (0 - 4) + -2 + 1?
99
What is the value of (-4 - 0) + -22 + (-35 - (-61 + 15))?
-15
-48 + -1 + (218 - 194) + 0
-25
Evaluate -2 - -9 - 56 - (14 - 8 - 14).
-41
42 - (17 + (32 - 24) + -19) - 7
29
Evaluate 20 + -13 - (12 - 91 - -2 - -4).
80
What is the value of (-22 - (2 + (0 - 15))) + -14?
-23
What is (6 - -1) + -4 - ((24 - 2) + 3)?
-22
What is 70 + -2 - (30 - (9 + 43 + -42))?
48
What is the value of -9 + 5 + 0 + 6 + 22 + -4 + 9?
29
Evaluate (-2 - 10) + 103 + -21 + -15.
55
Evaluate (48 - 28) + 83 + 5.
108
Calculate -260 + 244 - (-6 + 0 - -94 - -2).
-106
What is -278 + 259 - (44 - 10)?
-53
Calculate (4 - 25) + (185 - 204).
-40
What is the value of 104 + -27 + (-105 - -95)?
67
What is 87 - (-2 - (19 + 8 + -26 + -25))?
65
What is the value of 153 - (49 + -11 + 48)?
67
Evaluate 96 - (265 + -45 - 146).
22
What is the value of 13 - -51 - 41 - 19?
4
-26 - -1 - 0 - (-491 - -435)
31
Calculate -8 + (8 - -15 - 18) - (-3 - 12).
12
What is the value of 52 - 0 - (140 + -98 + -44) - 7?
47
Evaluate -5 + 0 + (-52 - (35 - -7)) + -11.
-110
-20 - (15 + (-22 - 12 - -68))
-69
-112 + (34 - 11 - -8) + (0 - -7)
-74
Evaluate (-59 - -1) + 0 + (1 - -1) + 2551 + -2542.
-47
What is (-5 - (4 - 8 - -3)) + 75 + -64 - 23?
-16
Evaluate 35 + -30 - ((8 - -1) + -11).
7
Calculate 183 - (-92 - (-248 + 44)).
71
Calculate 97 + (19 - 42) - (3 + (-11 - -4) - -15).
63
-3 + (2 + (1 - 18) - (-962 - -941))
3
-58 + 25 + (-2 - -24) + -38
-49
What is the value of -113 + 50 - -114 - (4 - 7)?
54
What is the value of -3 + -13 + (-43 - (21 + -42))?
-38
Calculate -15 - (52 - (67 - -79) - (-5 + -1)).
73
What is the value of (-1 - 33) + -18 + 8 + (16 - (2 + -3))?
-27
What is the value of 1 + 24 - (-24 + (-52 - -61)) - -3?
43
Calculate -8 - -17 - -10 - (-2 - -11).
10
What is the value of (-3561 - -3567) + (-1 - 0 - -48)?
53
What is the value of 6 - (0 - (2 + -6 - 13)) - 3?
-14
What is -3 - (-12 + -11 - -7 - 13)?
26
What is the value of (-1 - -10) + (3 - (-6 - -9) - 1) - 39?
-31
1 + -8 - (275 + -298)
16
Evaluate (-61 - -57) + -43 - 32.
-79
What is 96 + -220 + (-28 - -101)?
-51
Evaluate (11 + -11 - 7) + (-2 - 0) + -14.
-23
What is the value of 86 + 1 - (3 + -90 + 86)?
88
Evaluate (47 - 18) + 64 + -60.
33
What is 26 - 38 - (-27 - (15 - 16))?
14
What is 2 - (6 - 1) - (-25 + 14 + 4)?
4
Calculate -16 + ((-11 - 12) + 25 - (0 - -1 - -2)).
-17
What is (-28 - -16) + 13 - (-13 + (-83 + -9 - 9))?
115
14687 - 14708 - (-2 + 0 - 112)
93
(14 - -10) + (-9 + 17 - 15)
17
Calculate -1296 - -1237 - (-95 + 1).
35
Calculate 21 - (66 - (-94 + 239)).
100
Calculate (1 - -12 - (8 - 31 - -41)) + 14.
9
What is the value of (68 - 2) + (-41 - (-26 + (-48 - -17)))?
82
What is -28 + 10 + 27 - (-2 + 12 - (113 + 0))?
112
What is the value of (7 - -14 - -6) + (-53 - 13)?
-39
Calculate -55 + 2 + -80 + (180 - 115).
-68
What is the value of (14 - -8) + 53 + -10?
65
-16 + 11 + (-8 + 15 - (3 + 42))
-43
Evaluate (277 - 274 - (-2 + -4)) + -18.
-9
Calculate -60 + -2 + 4 + (373 - 374) + 6 + 1.
-52
Evaluate 25 + 19 + (-12 - 9).
23
What is the value of 84 - 136 - (7 - (11 + -5))?
-53
-43 + 17 + 36 + (11 - (2 + -4))
23
18 - (-2 + 16) - (-297 + 246)
55
Evaluate 14 - (70 + -65) - -73.
82
What is the value of (-10 - -2 - 48) + 1 + -1 - (-2 + 4)?
-58
What is -24 + -7 + (23 - 4) + 69?
57
Evaluate -54 - (-33 + (-111 - 4)).
94
What is -41 + (20 + 6 - (45 + -7))?
-53
What is (13 - 0) + -13 + (-1 - 17) + (-187 - -121)?
-84
Calculate -3 - (2 + -56) - 105.
-54
-39 - (13 + (-65 - -19))
-6
Calculate 16 + 0 + (-83 - -33) - -27.
-7
Calculate 144 + (-32 - -60 - 60).
112
What is (-1 - 1 - -32) + (223 - (13 - -221))?
19
-69 - (-26 + 13 + 10 + -27)
-39
Evaluate 53 - 59 - (2 + 1) - -6 - -58.
55
Evaluate 8 + 32 + -42 - (84 - (3 - 7 - -2)).
-88
What is 0 + 29 + -55 + 34 + -11?
-3
Evaluate (-1 - 41 - (119 + -77 + -58)) + -9.
-35
Calculate (-40 - (25 + -90)) + -4.
21
What is the value of -2 + -66 + -21 + -2 + 46 + -38?
-83
Calculate 146 + -15 - (-4 + -1 - (0 - 12) - 5).
129
Calculate -3 - -7 - 11 - (-46 + (-31 - -65)).
5
Evaluate 39 + (16 - -82) + -47.
90
246 - (112 - -28) - 70
36
(12 - (9 + 5) - -19) + 5 + -3 + 4
23
What is the value of 2 + -2 + -7 - (-2525 - -2544)?
-26
What is the value of -1348 + 1368 - (122 + 2 + -2) - (0 - 8)?
-94
Calculate (42 - (-23 + 63)) + (2 + 0 - (1 + 63)).
-60
What is the value of 36 - (-23 - (-40 - 4)) - (-5 + 12)?
8
What is -1 + 0 + 0 + (-110 + 73 - -56) + -117?
-99
What is the value of (-44 - (9 + -5 + -7)) + -3 + (-4 - -15)?
-33
Calculate -21 + -33 + (8 - -28 - 33).
-51
(-68 - -92) + -2 + (-11 - -9) + 14
34
What is -12 - (-12 + (27 - 26) + -32)?
31
Evaluate 1 + (17 - 20 - -1) + 0 - (-64 + 5).
58
What is the value of (-68 - -2) + (111 - 6 - 93)?
-54
What is the value of 131 + -121 + (6 - 1) + -20?
-5
What is the value of (-53 - (3 + (-14 - -3))) + 8 + 4 + -25?
-58
Calculate (-1 - (1 - -3 - (-38 + 55))) + -12.
0
Evaluate 0 + (0 - -1) - (15 - (-15 - -32)) - -21.
24
1229 + -1106 + (-2 - 220)
-99
Evaluate 77 + (3 - (15 + -54)) + -29.
90
Calculate (-58 - (18 - 58)) + -11.
-29
Calculate 327 + -335 - (-44 - -43 - (60 + 1)).
54
Evaluate -15 - (-43 + 10) - 27.
-9
What is 8 - (12 - -5 - (-72 + 46))?
-35
Calculate (-612 - -638 - (1 + 2)) + 13.
36
What is the value of -14 - (-10 - (-3 - -1)) - (20 + -53)?
27
Evaluate (-10 - (-12 - -18)) + (40 + -7 - 8).
9
Evaluate -20 - -5 - ((-26 - -16 - 0) + 19).
-24
Calculate -363 - -391 - (-11 - 2) - 16.
25
Calculate 108 - ((-8 - -9) + 14 + -8